Calculate the remainder when 34 is divided by k.
10
Suppose d + 40 = 6*d. Calculate the remainder when d is divided by 5.
3
What is the remainder when (612/(-42))/(2/(-14)) is divided by 26?
24
Suppose -4 - 6 = 5*b, -5*b = 2*g - 4. Let m(n) = n**3 - 3*n**2 - 3*n + 1. Let u be m(4). Let x = u - 2. Calculate the remainder when g is divided by x.
1
Let p(h) = h**2 + 14*h - 21. Let s be p(-15). What is the remainder when 7/(-21) + (-98)/s is divided by 10?
6
Let h(j) = -7*j + 2. Calculate the remainder when h(-5) is divided by 19.
18
Suppose -8*u + 22 = -6*u. Calculate the remainder when 52 is divided by u.
8
Let r(q) = 68*q**2 + q - 2. What is the remainder when r(1) is divided by 14?
11
Suppose -5*d + 4*k + 0*k = -101, 2*k = 2*d - 40. Calculate the remainder when 82 is divided by d.
19
Let j = 42 - 20. Let l = 24 - 12. Calculate the remainder when j is divided by (-63)/(-18)*l/7.
4
Suppose 68 = 3*a - 5*z, -a + 4*a - 2*z - 56 = 0. Calculate the remainder when 43 is divided by a.
11
Let f(w) = -12*w + 11. Calculate the remainder when f(-4) is divided by 21.
17
Let r = 26 + -10. Calculate the remainder when 44 is divided by r.
12
Suppose -2*h = -3*h + 36. Let c be (5 + -5)*3/6. Suppose c*x + 26 = 2*x. Calculate the remainder when h is divided by x.
10
Suppose 6*s = 5*s + 13. Calculate the remainder when s is divided by 5.
3
Let l(k) = 3*k - 8. Let m be l(6). Let b = 28 - 6. What is the remainder when b is divided by 4/m - 290/(-25)?
10
Suppose -4*g + 5*f = 6, -3*g - g = -f + 14. What is the remainder when 115/4 + (-1)/g is divided by 10?
9
Suppose 0 = 2*y + 4*a - 46, 31 + 84 = 5*y + 3*a. What is the remainder when y is divided by 8?
7
Let g(f) = -f - 4. What is the remainder when 39 is divided by g(-14)?
9
Suppose 4*s - 91 - 189 = 0. Calculate the remainder when s is divided by 20.
10
Suppose 4*l = 3*w - 171, 3*w = 6*w + l - 186. What is the remainder when w is divided by 16?
13
Suppose 3*b = -3*c - 57, -2*b - 39 = -0*c + 3*c. Let a = 48 + b. What is the remainder when a is divided by 8?
6
Suppose -d - 3*d + 4 = 0. Suppose 5*t + 5 = -5*a, -3*t - 2*a + d = 2. Calculate the remainder when 2 is divided by t.
0
Let i be (-16)/(-9) - (-2)/9. Suppose i*p - 30 = -p. What is the remainder when 37 is divided by p?
7
Suppose h = 5, -5*l - 9*h + 4*h + 125 = 0. Calculate the remainder when (11 + 0)/(1/7) is divided by l.
17
Let l = 9 - -1. Let h(r) = -r**2 + r - 1. Let c(m) = 4*m**2 - m + 13. Let v(f) = -c(f) - 6*h(f). Calculate the remainder when v(5) is divided by l.
8
Let s(u) be the third derivative of -u**5/60 - u**4/4 + u**3/3 - u**2. Let l be s(-4). Calculate the remainder when (-4)/l - (-234)/10 is divided by 12.
11
Let k(y) = 7*y**2 + y - 4. What is the remainder when 82 is divided by k(-2)?
16
Let r(d) = 4*d + 9. Let y be r(-7). Let l = y - -37. Calculate the remainder when 34 is divided by l.
16
Let b = 23 - 35. Let h = b + 65. What is the remainder when h is divided by 14?
11
Suppose 3*l - 2 = 4*t + 15, 2*l - 5*t - 23 = 0. Let h be (-76)/(-12) + l/3. What is the remainder when 40 is divided by h/15*35*1?
12
Suppose -5*n = -10*n - 105. Let d = 46 + n. Calculate the remainder when 74 is divided by d.
24
Suppose 0 = -2*q - 4*x + 3*x - 18, -2*x = 2*q + 22. Let w = q + 3. Calculate the remainder when 46 is divided by (-1)/w + (-126)/(-8).
14
Suppose 8 = -2*y, -16 = -4*t - 4*y + 132. Calculate the remainder when 120 is divided by t.
38
Calculate the remainder when 116 is divided by ((-6)/(-20)*4)/((-32)/(-1040)).
38
Let z be (-124)/(-6) + (-2)/(-6). Let s be 6/z - 173/(-7). Suppose 8*b - 3*b = -s, -b = -3*o + 38. What is the remainder when o is divided by 6?
5
Let p = -171 + 302. Suppose p + 28 = 3*i. Calculate the remainder when i is divided by 14.
11
Let k = -54 - -71. Suppose -2*s - 3*q + 51 = 0, 15 = -4*s - q + 102. Let c = s - -29. What is the remainder when c is divided by k?
16
Suppose 9*x - 88 = 5*x. What is the remainder when 63 is divided by x?
19
Let m = -30 + 31. What is the remainder when m is divided by 1?
0
Let x(z) = z**2 - 4*z - 6. Let v be x(5). Let i be 2*(-3)/v*-1. Let j(a) = -a**3 - 5*a**2 - 4. Calculate the remainder when j(i) is divided by 17.
15
Calculate the remainder when (-8)/((-64)/(-12))*136/(-6) is divided by 7.
6
Let o = 3 - -11. What is the remainder when (3/4)/(6/432) is divided by o?
12
Let j(r) = -r**3 + 2*r**2 - r + 1. Suppose -5*z - 8 = -28. Suppose -z*v + 165 = -v. Calculate the remainder when v is divided by j(-2).
17
Let o(p) = p**3 + 10*p**2 - 2*p + 2. Let v be o(-11). Let s = 136 + v. Calculate the remainder when s is divided by 82/6 - 1/(-3).
11
Suppose -g + 2 = 7. Suppose 4*d = 3*d + 3. Let v = d - g. Calculate the remainder when 15 is divided by v.
7
Calculate the remainder when -3 + 57 - (1 - -3 - 3) is divided by 14.
11
Let j be -1 - (1 + -14 - 0). Let w be (j/(-7))/(1/(-7)). Suppose 5*n + l - 71 = 0, 2*n - w = 2*l + 26. What is the remainder when 44 is divided by n?
14
Suppose -3*o + 12 = -6*o. Let k(c) = c**2 + 4*c + 1. Let g be k(o). Let p(m) = 2*m**3 + 1. Calculate the remainder when p(g) is divided by 1.
0
What is the remainder when 16 is divided by ((18/(-4))/3)/(9/(-30))?
1
Calculate the remainder when 39 is divided by (4/16)/((-1)/(-44)).
6
Suppose -2*c = 3*c - 15. Suppose 4*i - 78 = 4*p + 50, i - 16 = -c*p. Calculate the remainder when i is divided by 10.
8
Suppose a - 9 = -1. What is the remainder when 23 is divided by a?
7
Suppose 0 = u + 1 - 4. Suppose 4*h = u*h + 5. Suppose -h*w = -6 - 19. What is the remainder when 13 is divided by w?
3
Let f = -15 - -36. Suppose 35*b - 240 = 29*b. What is the remainder when b is divided by f?
19
Let y(x) = -2*x**3 + x - 2. Let n be -4*(5/2 + -2). Let p be y(n). Suppose -p = -3*j + 5*v + 58, 4*j + v = 55. What is the remainder when j is divided by 6?
3
Let s = 1 + -1. Let a(f) = -2*f - 11. Let w be a(-8). Suppose s = r - 2*r + w. Calculate the remainder when 9 is divided by r.
4
Suppose 0 = a - 4*a, 0 = 2*t - a - 16. What is the remainder when 46 is divided by t?
6
Suppose 30 + 6 = 4*s. Let v = 97 - 63. Calculate the remainder when v is divided by 36/(s/3) - 0.
10
Let i(o) = -o**3 - 4*o**2 - o. Let l be i(-3). Let n(h) = -8*h - 8. What is the remainder when n(l) is divided by (2/(-3))/((-4)/84)?
12
Let a be (-8)/(-5) - 12/20. What is the remainder when ((a + 16)/1)/1 is divided by 9?
8
Let m = 15 + -7. Let r(n) = 12 - 9*n - 2*n**2 + 3*n**2 + 0*n**2. Calculate the remainder when r(m) is divided by 3.
1
Suppose 86 = 6*u - 16. Suppose -2*x = -4*x + 132. Calculate the remainder when x is divided by u.
15
Suppose -8 = -2*d + 3*r, -d + 0*r - r - 1 = 0. Let w(m) = 2*m - d + 0*m - 3*m - 16*m**3. Calculate the remainder when w(-1) is divided by 9.
7
Let z = -22 + -13. Let c = z + 58. Let l = 34 + -22. Calculate the remainder when c is divided by l.
11
Let d be 1*-3 + (-4 - -26). Let m = d + -9. What is the remainder when 18 is divided by m?
8
Suppose 0 = -4*s - 5*j + 53 + 12, -3*s + 41 = -4*j. Calculate the remainder when 57 is divided by s.
12
Let r(u) = 41*u**3 - u**2. Calculate the remainder when r(1) is divided by 14.
12
Let c be 5*-1*-1 + -2. Let k = 7 - c. Calculate the remainder when k is divided by (-3)/12 - (-9)/4.
0
Suppose 4*h = 3*u + 7 - 152, 2*u - 135 = -5*h. What is the remainder when u is divided by 15?
10
Suppose -5*x + 2*p - 4*p + 128 = 0, 2*p = -2*x + 56. What is the remainder when x is divided by (0 - -3) + (11 - 20/4)?
6
What is the remainder when 25/(-1)*12/(-30) is divided by 4?
2
Suppose -3*a = -3*z - 3, 4*a + 3*z - 4 = 28. Calculate the remainder when a is divided by 4.
1
Suppose 3*h = -5*m - 0*h + 131, -h - 98 = -4*m. Suppose 3*l - 52 = -3*d + 2*d, -d - 2*l = -51. What is the remainder when d is divided by m?
24
Let c be 36 - (-2 + -3 + 8). Let k = -4 + c. Suppose 5*o + 54 = 5*p - 31, -p + 4*o = -k. Calculate the remainder when p is divided by 5.
3
Suppose -z + 21 = -11. Suppose -5*n - 16 = -5*w - 56, -5*w = -15. What is the remainder when z is divided by n?
10
Let a be (1 - 10/6)*27. Suppose 4*f + f - t - 146 = 0, 0 = -3*f - t + 86. Let b = f + a. Calculate the remainder when 21 is divided by b.
10
Let o(m) = 2*m**2 + m + 3 - m**3 + 4*m**2 + 4*m**2. Suppose 2*i - s + 3 = 100, -s + 53 = i. Calculate the remainder when i is divided by o(10).